the remainder when 748 is divided by 68?
0
What is the remainder when 104 is divided by 30?
14
What is the remainder when 1991 is divided by 87?
77
Calculate the remainder when 47 is divided by 12.
11
Calculate the remainder when 443 is divided by 5.
3
What is the remainder when 311 is divided by 43?
10
Calculate the remainder when 173 is divided by 78.
17
Calculate the remainder when 170 is divided by 107.
63
What is the remainder when 822 is divided by 33?
30
Calculate the remainder when 25 is divided by 15.
10
Calculate the remainder when 580 is divided by 199.
182
Calculate the remainder when 68 is divided by 37.
31
Calculate the remainder when 66 is divided by 37.
29
Calculate the remainder when 227 is divided by 60.
47
Calculate the remainder when 15387 is divided by 11.
9
Calculate the remainder when 965 is divided by 106.
11
What is the remainder when 89 is divided by 21?
5
Calculate the remainder when 124 is divided by 37.
13
What is the remainder when 2384 is divided by 31?
28
Calculate the remainder when 59 is divided by 52.
7
Calculate the remainder when 6928 is divided by 90.
88
What is the remainder when 141 is divided by 18?
15
Calculate the remainder when 83 is divided by 2.
1
Calculate the remainder when 3243 is divided by 59.
57
Calculate the remainder when 249 is divided by 52.
41
What is the remainder when 320 is divided by 17?
14
Calculate the remainder when 2240 is divided by 222.
20
What is the remainder when 4406 is divided by 1463?
17
Calculate the remainder when 308 is divided by 232.
76
What is the remainder when 3204 is divided by 321?
315
Calculate the remainder when 74 is divided by 33.
8
What is the remainder when 136 is divided by 79?
57
What is the remainder when 54 is divided by 4?
2
Calculate the remainder when 724 is divided by 29.
28
What is the remainder when 3076 is divided by 17?
16
What is the remainder when 417 is divided by 21?
18
What is the remainder when 125 is divided by 21?
20
Calculate the remainder when 4290 is divided by 1072.
2
Calculate the remainder when 1513 is divided by 109.
96
What is the remainder when 88 is divided by 29?
1
Calculate the remainder when 138 is divided by 36.
30
Calculate the remainder when 958 is divided by 42.
34
Calculate the remainder when 81 is divided by 19.
5
Calculate the remainder when 1531 is divided by 252.
19
What is the remainder when 496 is divided by 489?
7
What is the remainder when 912 is divided by 246?
174
Calculate the remainder when 403 is divided by 63.
25
Calculate the remainder when 802 is divided by 266.
4
Calculate the remainder when 37189 is divided by 69.
67
What is the remainder when 161 is divided by 31?
6
Calculate the remainder when 1918 is divided by 275.
268
Calculate the remainder when 159 is divided by 82.
77
Calculate the remainder when 297 is divided by 30.
27
Calculate the remainder when 834 is divided by 92.
6
What is the remainder when 556 is divided by 93?
91
What is the remainder when 124 is divided by 36?
16
Calculate the remainder when 97 is divided by 5.
2
Calculate the remainder when 261 is divided by 61.
17
What is the remainder when 493 is divided by 9?
7
What is the remainder when 2114 is divided by 702?
8
What is the remainder when 386 is divided by 134?
118
Calculate the remainder when 86 is divided by 27.
5
What is the remainder when 144 is divided by 10?
4
Calculate the remainder when 250 is divided by 14.
12
Calculate the remainder when 53 is divided by 36.
17
What is the remainder when 443 is divided by 14?
9
Calculate the remainder when 243 is divided by 84.
75
What is the remainder when 128 is divided by 66?
62
Calculate the remainder when 10663 is divided by 9.
7
Calculate the remainder when 286 is divided by 86.
28
What is the remainder when 1778 is divided by 10?
8
Calculate the remainder when 5413 is divided by 258.
253
What is the remainder when 137 is divided by 24?
17
Calculate the remainder when 115 is divided by 38.
1
Calculate the remainder when 170 is divided by 17.
0
What is the remainder when 719 is divided by 12?
11
What is the remainder when 227 is divided by 197?
30
Calculate the remainder when 23217 is divided by 19.
18
Calculate the remainder when 148 is divided by 14.
8
What is the remainder when 373 is divided by 6?
1
What is the remainder when 31 is divided by 23?
8
Calculate the remainder when 220 is divided by 118.
102
What is the remainder when 208 is divided by 40?
8
Calculate the remainder when 61862 is divided by 88.
86
What is the remainder when 266 is divided by 68?
62
Calculate the remainder when 2004 is divided by 396.
24
Calculate the remainder when 867 is divided by 28.
27
What is the remainder when 751 is divided by 148?
11
What is the remainder when 113 is divided by 52?
9
Calculate the remainder when 95 is divided by 50.
45
Calculate the remainder when 4118 is divided by 24.
14
What is the remainder when 2535 is divided by 845?
0
Calculate the remainder when 1869 is divided by 12.
9
Calculate the remainder when 5265 is divided by 585.
0
Calculate the remainder when 1009 is divided by 452.
105
Calculate the remainder when 35 is divided by 21.
14
Calculate the remainder when 352 is divided by 71.
68
Calculate the remainder when 151 is divided by 8.
7
What is the remainder when 177 is divided by 15?
12
What is the remainder when 742 is divided by 154?
126
What is the remainder when 163 is divided by 35?
23
Calculate the remainder when 95 is divided by 37.
21
Calculate the remainder when 4351 is divided by 68.
67
What is the remainder when 662 is divided by 38?
16
What is the remainder when 1154 is divided by 89?
86
What is the remainder when 139 is divided by 11?
7
Calculate the remainder when 9021 is divided by 94.
91
What is the remainder when 167 is divided by 43?
38
Calculate the remainder when 80 is divided by 39.
2
Calculate the remainder when 90 is divided by 13.
12
Calculate the remainder when 1593 is divided by 1578.
15
What is the remainder when 985 is divided by 21?
19
Calculate the remainder when 34512 is divided by 65.
62
What is the remainder when 444 is divided by 91?
80
What is the remainder when 47 is divided by 15?
2
What is the remainder when 652 is divided by 109?
107
What is the remainder when 167 is divided by 10?
7
What is the remainder when 125 is divided by 69?
56
Calculate the remainder when 223 is divided by 28.
27
What is the remainder when 730 is divided by 23?
17
What is the remainder when 14 is divided by 4?
2
What is the remainder when 191 is divided by 52?
35
Calculate the remainder when 131 is divided by 76.
55
What is the remainder when 349 is divided by 44?
41
Calculate the remainder when 2103 is divided by 420.
3
What is the remainder when 127 is divided by 16?
15
What is the remainder when 176 is divided by 91?
85
What is the remainder when 138 is divided by 13?
8
What is the remainder when 172 is divided by 36?
28
What is the remainder when 55574 is divided by 19?
18
Calculate the remainder when 7132 is divided by 146.
124
Calculate the remainder when 634 is divided by 117.
49
Calculate the remainder when 1610 is divided by 73.
4
Calculate the remainder when 1935 is divided by 278.
267
Calculate the remainder when 574 is divided by 23.
22
Calculate the remainder when 429 is divided by 148.
133
Calculate the remainder when 2109 is divided by 46.
39
What is the remainder when 2804 is divided by 85?
84
Calculate the remainder when 7798 is divided by 60.
58
What is the remainder when 203 is divided by 35?
28
What is the remainder when 2958 is divided by 16?
14
What is the remainder when 413 is divided by 19?
14
Calculate the remainder when 238 is divided by 93.
52
What is the remainder when 277 is divided by 14?
11
What is the remainder when 93 is divided by 25?
18
Calculate the remainder when 727 is divided by 182.
181
Calculate the remainder when 236 is divided by 123.
113
What is the remainder when 71 is divided by 55?
16
What is the remainder when 40 is divided by 16?
8
Calculate the remainder when 208 is divided by 42.
40
Calculate the remainder when 81 is divided by 30.
21
What is the remainder when 93 is divided by 40?
13
What is the remainder when 2453 is divided by 116?
17
What is the remainder when 119 is divided by 45?
29
What is 